lculate the remainder when w is divided by 32.
30
Suppose -t - 150 = -5*t + 2*i, -5*t = -i - 186. Suppose 0 = -2*b - 1 + t. Calculate the remainder when 70 is divided by b.
16
Suppose a = 1 + 3. Suppose a*f + f - 3 = -3*l, 3 = -2*f + 3*l. Calculate the remainder when ((-1)/(-2) - f)*44 is divided by 12.
10
Let k be ((-12)/(-4 - 0))/1. Let j(n) = n**2 + n + 2. What is the remainder when 27 is divided by j(k)?
13
Suppose -5*m + 56 = -3*m - 5*f, -5*m = -f - 140. Suppose 4*v = 5*n + 15, 20*n = -3*v + 19*n + 35. Calculate the remainder when m is divided by v.
8
Let b(u) = -u - 17. Let o(m) = m**2 - 3*m - 4. Suppose -20 = -5*i + 5. What is the remainder when b(-39) is divided by o(i)?
4
What is the remainder when (-130)/(-18) - (-8)/(-36) is divided by 3?
1
Let c(h) = -2*h + 7. Let d(q) = -q**3 - 7*q**2 - 8*q - 8. Calculate the remainder when c(-3) is divided by d(-6).
1
Let t = 3 - 4. Let y be (t/2)/((-3)/(-6)). Calculate the remainder when 75/12 + y/4 is divided by 4.
2
Let r(c) = c + 3. Let i = 20 - 14. Calculate the remainder when r(13) is divided by i.
4
Let m = 202 + -90. Suppose 4*z - m = 60. What is the remainder when z is divided by 15?
13
Let y = 52 + -11. Let c(m) = 2*m**2. Let t be c(-1). Let h = 16 - t. What is the remainder when y is divided by h?
13
Let f(x) = -x - 1. Let o be f(-3). Let n be 5/(10/16) - o. Suppose -n*c + 138 = -c + h, 4*c = 3*h + 118. What is the remainder when c is divided by 15?
13
Let o(s) = s**3 + 11*s**2 - 11*s + 16. Let k be o(-12). Suppose 4*n = v - 12, -k*v + 2*n + 6 = 7*n. Calculate the remainder when v is divided by 2.
0
Let i = -6 + 8. Suppose -4*s + i*s = -6. Suppose 6 = s*d - 24. Calculate the remainder when 28 is divided by d.
8
What is the remainder when (-2)/19 + 16280/152 is divided by 54?
53
Let x(q) = 8*q - 15. Calculate the remainder when x(3) is divided by 3.
0
Let n(s) = -3*s**3 - 2*s**2 + s + 2. Suppose -3 + 7 = j. Let h(y) = 6*y + 5. What is the remainder when h(j) is divided by n(-2)?
13
Let a = -2 + 13. Let g = 9 + a. What is the remainder when g is divided by 1/2*2*7?
6
Let p = 60 - 4. What is the remainder when p is divided by 20?
16
Suppose 3*a - 30 = 39. What is the remainder when a is divided by 92/23*(-1 - -3)?
7
Let t = 38 + -19. What is the remainder when t is divided by 11?
8
Let x(h) = 9*h**2 + h - 1. Suppose 4*z - 12 = z, -n + 2*z + 12 = 0. Calculate the remainder when x(2) is divided by n.
17
Let x(n) = 2*n**2 + 7*n - 12. What is the remainder when x(5) is divided by 19?
16
Let w = 12 - 0. Suppose -336 = 2*i - 4*i. Suppose -3 = 3*m, 5*b + 0*b + 2*m - i = 0. What is the remainder when b is divided by w?
10
Suppose -m = 2*l - 14, 0 = m + l - 18 - 1. Suppose i = -f + 3*i + 23, 0 = -f + 5*i + 38. What is the remainder when m is divided by f?
11
Let p(c) be the second derivative of 1/2*c**2 - 3*c + 1/6*c**3 + 0 + 1/20*c**5 - 1/2*c**4. Calculate the remainder when 12 is divided by p(6).
5
Suppose 5*f - 155 = -2*v, 0 = -2*f - 3*v - v + 78. Suppose 137 = 4*o + f. What is the remainder when 53 is divided by o?
26
Suppose 24 = p + 2*p. Suppose -4*q = -y - 4*y + 2, 0 = -4*q + 4*y. What is the remainder when p is divided by ((-7)/q + 2)*-2?
2
Let n = 224 + -155. Let t be n/6*4/2. Let u = t + 0. What is the remainder when u is divided by 12?
11
Suppose 0*r - 3*z - 36 = -3*r, -5*z = 10. Suppose -25 = -5*m - 0*m. Suppose -3*i = -m - 13. What is the remainder when r is divided by i?
4
Let y = 8 - -32. Let h = 33 - 19. What is the remainder when y is divided by h?
12
Suppose 2 + 3 = -5*q. Calculate the remainder when (-3)/(235/(-110) + (1 - -1)) is divided by (3 - 9)/(q/2).
10
Let r(q) be the second derivative of q**5/20 + 7*q**4/12 + q**3 + 9*q**2/2 - 5*q. Calculate the remainder when 15 is divided by r(-6).
6
Suppose -129 + 3 = -7*u. Calculate the remainder when 89 is divided by u.
17
Suppose 0*o + o = -2. Calculate the remainder when 16 is divided by 15/o*(-18)/15.
7
Suppose 3*o + g - 134 = -3*g, 5*o - 4*g = 266. What is the remainder when o is divided by 17?
16
Let z = -137 - -293. Suppose z = -4*v + 8*v. Calculate the remainder when v is divided by 21.
18
Suppose 6*d - 2*d = 180. Calculate the remainder when d is divided by 20 - (0 + 12/(-4)).
22
Let b(o) = -o - 7. Let k be b(-8). Suppose y - k = 7. Suppose 0 = z + 3*z - y. Calculate the remainder when 5 is divided by z.
1
What is the remainder when 23 is divided by 256/18 - 8/36?
9
Suppose -3*y + 22 = -2*y. Calculate the remainder when y is divided by (-8)/10*(-9 - 1).
6
Let q = 30 - 4. Let m = -16 + q. What is the remainder when 19 is divided by m?
9
Suppose 0 = -6*y + 4*y - 36. Let d be (-196 - -1)/(27/y). Suppose -2*n - n + 2*j + d = 0, -5 = j. Calculate the remainder when n is divided by 14.
12
Suppose -130 = -4*l + 2. Let j = -11 + l. What is the remainder when j is divided by 12?
10
Let k be (-40)/(-24) + 2/6. Suppose -o + 6 = k*o. What is the remainder when 7 is divided by (-14)/(-35)*20/o?
3
Let s = -53 + 89. Let b = 4 - 3. What is the remainder when s is divided by (-1 - -2 - b) + 19?
17
Let t(l) = -18*l + 14*l**2 - 1 + 18*l. What is the remainder when t(1) is divided by (-12)/(-2) + -1 - 0?
3
Let f(u) = u + 2. Let d be f(2). Suppose -56 - 8 = -d*z. Calculate the remainder when z is divided by 6.
4
Let c = 158 + -89. Calculate the remainder when c is divided by 37.
32
Suppose -5*h = -3*h - 4. Let p be (-2 - -2)/(9/(-3)). Suppose h*u - 16 = -p*u. What is the remainder when u is divided by 3?
2
Suppose 0*n + 3*n + 421 = 4*d, 0 = -5*d - n + 550. What is the remainder when d is divided by 37?
35
Suppose 2*f = 5 + 1. Let j = 10 + -3. Suppose j*v = f*v + 124. What is the remainder when v is divided by 16?
15
Suppose -3*x - 7 = 4*m, 0*x + 5*m = -3*x - 5. Let v be ((-6)/x)/((-1)/(-5)). What is the remainder when 7 is divided by -2 + 3/v*8?
1
Suppose -155 = -4*h + 41. Calculate the remainder when h is divided by 27.
22
Let a(s) = s**3 - s**2 - s + 2. Let y = -14 + 20. What is the remainder when a(3) is divided by y?
5
Let j(y) = y**2 - 6*y + 3. Let r be j(4). Let z = r + 7. Let d(k) = 2*k. Calculate the remainder when d(2) is divided by z.
0
Calculate the remainder when 83 is divided by (6 - 2)/(((-12)/33)/(-2)).
17
Let o(k) be the first derivative of -23*k**2/2 - k - 2. Let w be o(3). What is the remainder when 22 is divided by w/(-6) + (-1)/(-3)?
10
Suppose -5 = -o - 1. Suppose -5*f + 10 = -10. Suppose 0 = f*d + d - 55. Calculate the remainder when d is divided by o.
3
Calculate the remainder when (-232)/(-6) - (-1 + (-14)/(-21)) is divided by 14.
11
Let i(f) = 4*f - 13. What is the remainder when 32 is divided by i(5)?
4
Suppose -3*d + 55 = 2*t, -2*t + 4*d = d - 49. Suppose 0 = -2*n + 2 + 6, 5*n - t = -2*l. Calculate the remainder when 8 is divided by l.
2
Suppose -3*k + 3 = -15. Suppose a - 3 = r - 0*r, 0 = -3*r - k. What is the remainder when (-1)/(60/(-59) + a) is divided by 20?
19
Let c be 266/10 + (-3)/5. Calculate the remainder when c/195 - 343/(-15) is divided by 12.
11
Let n(x) = 9*x**2 + 2*x - 2. Let c(w) = -w - 5. Let g be c(-6). Suppose -5*r = 5*a, 4*a + 0*a + 21 = 3*r. Calculate the remainder when n(g) is divided by r.
0
Let i = -3 + 14. Calculate the remainder when i is divided by ((-3)/4)/(2/(-16)).
5
Suppose 5*v + 2*p = 7*p - 80, -2*v + p - 35 = 0. Let y = 1 - v. Suppose -2*o = 2*o - y. What is the remainder when 9 is divided by o?
4
Let a = -31 - -53. Calculate the remainder when 64 is divided by a.
20
Suppose 0*r - 2*r - 2*g = -62, -3*r + 95 = 2*g. Calculate the remainder when r is divided by 7.
5
Suppose 5*f - 1813 + 553 = 0. Calculate the remainder when f/(-8)*(-4)/3 is divided by 22.
20
Suppose 0*z = 4*z - 40. What is the remainder when 67 is divided by z?
7
Suppose 5*x = -0*x + 25. Suppose 0 = -z - z + 38. What is the remainder when z is divided by x?
4
Let z(m) = 7*m**3 - m**2 - 2*m + 2. Calculate the remainder when 27 is divided by z(1).
3
Suppose 48 = 66*s - 58*s. Calculate the remainder when 57 is divided by s.
3
Let w = 100 - -18. Suppose p = -p + w. Calculate the remainder when p is divided by 12.
11
Let n = 15 + -8. What is the remainder when 28 is divided by -2 - 7/(n/(-8))?
4
Let f be 18/(-24) + 67/4. Suppose 3*z = k + 22, -f = -3*z + z + k. What is the remainder when 15 is divided by z?
3
Let t = 57 + 